{"id":21,"date":"2021-10-14T22:06:46","date_gmt":"2021-10-14T20:06:46","guid":{"rendered":"http:\/\/atouscycles.fr\/index.php\/mesmerize\/"},"modified":"2026-01-08T16:05:27","modified_gmt":"2026-01-08T15:05:27","slug":"mesmerize","status":"publish","type":"page","link":"https:\/\/atouscycles.fr\/","title":{"rendered":"Accueil"},"content":{"rendered":"<h5 >R\u00e9paration<\/h5><p >Nous r\u00e9parons votre v\u00e9lo dans notre atelier ou chez vous.(Betton, St Sulpice, Mouaz\u00e9, St Aubin d\u2019Aubign\u00e9, Melesse)<\/p><p ><a  href=\"https:\/\/atouscycles.fr?page_id=13\" target=\"_self\" rel=\"noopener\" data-cp-link=\"1\">En savoir plus<\/a><\/p><p >.<\/p><h5 >Conseils<\/h5><p >Nous vous conseillons pour vos trajets quotidiens, vos balades et randonn\u00e9es ainsi que le choix de vos accessoires ( portes-bagages, antivols, casques\u2026)<\/p><p ><a  href=\"https:\/\/atouscycles.fr?page_id=135\" target=\"_self\" rel=\"noopener\" data-cp-link=\"1\">En savoir plus<\/a><\/p><p ><!-- Created with Elementor --><\/p>","protected":false},"excerpt":{"rendered":"<p>R\u00e9parationNous r\u00e9parons votre v\u00e9lo dans notre atelier ou chez vous.(Betton, St Sulpice, Mouaz\u00e9, St Aubin d\u2019Aubign\u00e9, Melesse)En savoir plus.ConseilsNous vous conseillons pour vos trajets quotidiens, vos balades et randonn\u00e9es ainsi que le choix de vos accessoires ( portes-bagages, antivols, casques\u2026)En savoir plus<\/p>\n","protected":false},"author":1,"featured_media":0,"parent":0,"menu_order":0,"comment_status":"closed","ping_status":"closed","template":"","meta":{"footnotes":""},"class_list":["post-21","page","type-page","status-publish","hentry"],"_links":{"self":[{"href":"https:\/\/atouscycles.fr\/index.php?rest_route=\/wp\/v2\/pages\/21","targetHints":{"allow":["GET"]}}],"collection":[{"href":"https:\/\/atouscycles.fr\/index.php?rest_route=\/wp\/v2\/pages"}],"about":[{"href":"https:\/\/atouscycles.fr\/index.php?rest_route=\/wp\/v2\/types\/page"}],"author":[{"embeddable":true,"href":"https:\/\/atouscycles.fr\/index.php?rest_route=\/wp\/v2\/users\/1"}],"replies":[{"embeddable":true,"href":"https:\/\/atouscycles.fr\/index.php?rest_route=%2Fwp%2Fv2%2Fcomments&post=21"}],"version-history":[{"count":84,"href":"https:\/\/atouscycles.fr\/index.php?rest_route=\/wp\/v2\/pages\/21\/revisions"}],"predecessor-version":[{"id":1008,"href":"https:\/\/atouscycles.fr\/index.php?rest_route=\/wp\/v2\/pages\/21\/revisions\/1008"}],"wp:attachment":[{"href":"https:\/\/atouscycles.fr\/index.php?rest_route=%2Fwp%2Fv2%2Fmedia&parent=21"}],"curies":[{"name":"wp","href":"https:\/\/api.w.org\/{rel}","templated":true}]}}